st the prime factors of g(h).
3
Let q(j) = -5*j + j**3 - 6*j - 6 + 9*j**2 + 0*j**3. List the prime factors of q(-10).
2
Suppose 537 = 8*h - 679. What are the prime factors of h?
2, 19
Let f(a) = -a**3 - 7*a**2 + 8*a. Let c be f(-8). Suppose -2*b - x = -6*x - 47, c = b + 2*x - 1. Let g = -8 + b. List the prime factors of g.
3
Suppose 0 = 5*l + 4*t - 2075, -11*l = -6*l - t - 2050. List the prime factors of l.
3, 137
Suppose -3*s = s - 108. Let r = s - 16. Let m = -3 + r. List the prime factors of m.
2
Let m(y) = -5*y - 13. Let h be m(-6). Let x = -12 + h. List the prime factors of x.
5
Let q be (3 + -3 - 0)/(-3). Suppose q*y = -5*y + 30. List the prime factors of y.
2, 3
Suppose -349 = -3*q - 7. What are the prime factors of q?
2, 3, 19
Let s = 5 - 0. Suppose -35 = s*f - 165. Let o = f + -13. What are the prime factors of o?
13
Suppose 0 = -4*r + 2*r - 5*g - 23, 0 = r + 2*g + 12. Let a(c) = -3*c - 22. List the prime factors of a(r).
2, 5
List the prime factors of 300/24 - (-2)/4.
13
Let i(l) = -l**3 + 15*l**2 + 29*l - 18. What are the prime factors of i(16)?
2, 5, 19
Let l be (-6)/(-33) - (-260)/22. What are the prime factors of 1/(-2)*(0 - l)?
2, 3
Suppose -224 = -m - h, 0 = -3*m + m - h + 453. List the prime factors of m.
229
Let o(u) = u. Let g be o(4). Suppose 0 = -0*h + h - g. What are the prime factors of h?
2
Let t(o) = 14*o - 7 + 11 - 14*o**2 + 10. Let w(g) = g**2 - g - 1. Let b(a) = -t(a) - 12*w(a). List the prime factors of b(-2).
2, 5
Suppose -76*a + 73*a + 831 = 0. What are the prime factors of a?
277
Let z(r) = 15*r**2 - 4*r - 20. What are the prime factors of z(-5)?
3, 5
Let j = 3 - 3. Suppose 29 = 3*z - 4*w, 0 = -z + w + 2 + 6. Suppose z = f - j*f. What are the prime factors of f?
3
Suppose -4*x - x = 3*l - 442, -x + 3*l = -92. List the prime factors of x.
89
Let u(v) = -v**2 + 16*v - 1. Let t be u(10). Suppose 3*j = 7 + t. List the prime factors of j.
2, 11
Suppose 2*h + 60 = r + 11, -5*h = -3*r + 145. List the prime factors of r.
3, 5
Let i(g) = -g**3 - 5*g**2 - 3*g - 7. List the prime factors of i(-5).
2
Let r = -16 + 42. Let u = 7 + -2. Suppose u*z - 3*z = r. List the prime factors of z.
13
What are the prime factors of (4 - 3) + -3 + 167?
3, 5, 11
Let p(a) be the second derivative of 11*a**5/10 - a**3/3 + a**2/2 + a. List the prime factors of p(1).
3, 7
Let c = -4 - -3. List the prime factors of 1 - 2*(c + 0).
3
Suppose 6*u = 194 + 16. Suppose -3*g + 100 = -u. List the prime factors of g.
3, 5
Let n = -10 - -12. Suppose -n*o + 26 - 10 = 0. What are the prime factors of o?
2
Let n(r) be the third derivative of r**5/60 - 3*r**4/8 + 4*r**3/3 - 4*r**2. Let y be n(8). Suppose -3*g + 38 + 28 = y. What are the prime factors of g?
2, 11
Let u(n) = -3*n**3 - 1. Let o be u(-1). Let k be 2/o - 49/7. Let g(w) = w**3 + 5*w**2 - 6*w + 4. What are the prime factors of g(k)?
2
Let n = 114 + -10. List the prime factors of n.
2, 13
Let q = 1 - -3. Suppose -3*t + q*t - 36 = 0. What are the prime factors of t?
2, 3
Suppose 0 = 4*a + 3*o - 17, 6 = 3*a + 4*o - 12. Suppose 5*k = -b + 91, -a*k + 5*b = -17 - 14. List the prime factors of k.
2, 3
Let q(f) = -f**3 + 7*f**2 - 4*f. Let i be q(5). Let r = 47 - i. List the prime factors of r.
17
Suppose s = -8*s + 441. List the prime factors of s.
7
Let n be (7/4)/(6/72). Let q = 34 - n. List the prime factors of q.
13
Suppose 3*q - 2*q = 24. List the prime factors of q.
2, 3
List the prime factors of (-146)/(-3 - (-15)/6).
2, 73
Let l(i) = 6*i - 10. List the prime factors of l(8).
2, 19
Let u(a) = 3*a**2 + 7*a - 1. What are the prime factors of u(-7)?
97
Let o(t) = -t**2 - 7*t + 6. Let a be o(-8). Let p be 115 - (-1 - a - -2). What are the prime factors of p/20 - (-6)/15?
2, 3
Let h be (7/2)/(7/(-42)). Let r = h + 41. What are the prime factors of r?
2, 5
Let z(c) = -50*c. Let y be z(-1). Suppose -5*k + y = t, t = 2*k - 3*k + 10. What are the prime factors of k?
2, 5
Let m = -473 - -914. List the prime factors of m.
3, 7
Let x = -9 + 11. Suppose -4*h = -x*h - 2. List the prime factors of (2/(-4))/(h/(-30)).
3, 5
Let q(l) be the second derivative of l**5/20 + 7*l**4/12 - 2*l**3/3 + 2*l**2 + 7*l. What are the prime factors of q(-7)?
2
Suppose -5*b - 20 = 30. Let y = 23 - 19. List the prime factors of y/b + 141/15.
3
Suppose -m + 0 + 3 = 0. Suppose 0 = -m*z + 3, -3*q = -z - 0*z - 83. What are the prime factors of q?
2, 7
Let p(a) = 13*a - 2. Let u be p(6). What are the prime factors of u/(-2)*7/(-14)?
19
Let t(x) = -10*x + 12. List the prime factors of t(-6).
2, 3
Let m(d) = 5*d - 19. List the prime factors of m(7).
2
Let a(x) = x**2 + 2*x - 2. Let f be a(-5). Suppose -3*q = -j - 29, f - 5 = 2*j. What are the prime factors of q?
11
Suppose -4*p = -0*p - 860. What are the prime factors of p?
5, 43
Suppose b = -0 + 5. Suppose -2*j = -j + 4*s + 6, -j + 30 = -b*s. What are the prime factors of j?
2, 5
Let a be 7 + 2*(-1)/(-2). Let n = -3 + a. Let o(p) = 2*p + 2. What are the prime factors of o(n)?
2, 3
Suppose -10 = 3*h - h. List the prime factors of (-28)/(-10) - 1/h.
3
What are the prime factors of (-385)/44*12/(-1)?
3, 5, 7
List the prime factors of (-1)/6 + (-5027)/(-66).
2, 19
Suppose w - 4*w = -i + 8, w = -2*i + 9. Suppose -b = 3*y - 64, -2*b - 32 = -2*y - 0*b. Suppose 4*o = i*u - 68, 3*o + y = u - o. List the prime factors of u.
2, 3
Suppose 5*b = 4*n - 686, -n - 168 = -2*n + 3*b. List the prime factors of ((-3)/6)/((-3)/n).
29
Let u(r) = -2*r - 4. Let n be u(-3). Suppose -4*q + k = -10, -n*k = 5*q - 0*k - 6. Let t(g) = 2*g**2 + 1. List the prime factors of t(q).
3
Let c = 23 + -18. Let l(s) = -s**3 + 4*s**2 + 8*s - 6. What are the prime factors of l(c)?
3
Suppose 0*y - 20 = -4*y. Suppose 0 = -y*p + 3*p + 24. What are the prime factors of p?
2, 3
Suppose 0 = 4*r - 0*r + 72. Let t = r + 29. What are the prime factors of t?
11
Suppose 2*t = 5*o - 466, 5*o - 448 = -6*t + 2*t. List the prime factors of o.
2, 23
Suppose 0 = t + 2 - 6, 3*u + t = 172. What are the prime factors of u?
2, 7
Let i = -14 - -48. Let j = i + -17. What are the prime factors of j?
17
Let u be ((-4)/8)/((-1)/(-60)). Let z = -19 - u. What are the prime factors of z?
11
Suppose 4 = -4*d + 2*d, 0 = 3*a - 4*d - 206. List the prime factors of a.
2, 3, 11
Let d(j) = 11*j**2 - 2*j + 1. Let x(t) be the first derivative of -t**3/3 - 7*t**2/2 + 9*t - 1. Let w be x(-8). What are the prime factors of d(w)?
2, 5
Let n(h) = -10*h + 4 + 3*h**2 + 11*h + 0*h**3 - 2*h**3. Let s be n(3). Let d = 35 + s. What are the prime factors of d?
3, 5
Suppose -6*t + 11*t = -70. Let q = t - -33. What are the prime factors of q?
19
Let y(s) = s**3 + 9*s**2 - s - 6. Let k be y(-9). Let l = k - 5. List the prime factors of (6/7)/(l/(-28)).
2, 3
Let n(g) = 2*g + 7. Let t(l) = -2*l**3 - 2*l**2 - 2*l - 3. Let y be t(-2). What are the prime factors of n(y)?
5
Suppose -4*o + 9*o + 30 = -4*j, -5*o + 5*j = -15. Let t be (-34)/(-8)*-6*o. Suppose 0*z - 3*z + t = 0. What are the prime factors of z?
17
Suppose 3*k + j - 3 = 2*k, 5*k - 4*j = 6. What are the prime factors of k?
2
List the prime factors of 6/(-15) + 174/10.
17
Suppose -31 = -m - 0*m. List the prime factors of m.
31
Let v = 13 + -20. Let s(f) = 20*f - 4. Let d be s(v). What are the prime factors of d/(-10) - (-14)/(-35)?
2, 7
Let t(i) = -i**3 + 9*i**2 + 3*i + 1. Let s(u) = -u**2 - u. Let w(x) = -5*s(x) - t(x). What are the prime factors of w(4)?
7
Let u(i) be the third derivative of i**6/120 + i**5/15 - i**4/12 - i**3/3 + 3*i**2. List the prime factors of u(-3).
13
Let v = -42 + 80. What are the prime factors of v?
2, 19
Let f = -16 + 10. Let w = 10 + f. What are the prime factors of w?
2
Suppose 1 = -3*z + 31. Suppose 3*o - z = -2*o. List the prime factors of o.
2
Suppose -4*a = a - 80. Let s = -3 + a. List the prime factors of s.
13
Suppose 2*m + 2 = u + 4, 0 = -2*m + 4. Suppose -u*f = -0*f - 32. What are the prime factors of f?
2
Let q(h) = -3*h + 118. What are the prime factors of q(0)?
2, 59
Let i(d) = d + 15. Let c be i(-13). Let g be (-1)/(-3) - 1/3. Suppose -c*f - 2*f + 88 = g. List the prime factors of f.
2, 11
Suppose -5*v = 187 + 178. Let g = 121 + v. What are the prime factors of g?
2, 3
Let n = 0 - -6. Let f = n - 2. Suppose 2*b = 6 + f. What are the prime factors of b?
5
Let a = -17 + 12. Let g be (-